{"id":83,"date":"2024-10-03T22:11:15","date_gmt":"2024-10-03T22:11:15","guid":{"rendered":"https:\/\/www.mkknachhilfe.de\/?page_id=83"},"modified":"2024-10-03T22:12:13","modified_gmt":"2024-10-03T22:12:13","slug":"allgemeine-geschaeftsbedingungen","status":"publish","type":"page","link":"https:\/\/www.mkknachhilfe.de\/?page_id=83","title":{"rendered":"Allgemeine Gesch\u00e4ftsbedingungen"},"content":{"rendered":"\n<h3 class=\"wp-block-heading\">1. Vertragsgegenstand<\/h3>\n\n\n\n<p>1.1. Die vorliegenden Allgemeinen Gesch\u00e4ftsbedingungen (AGB) regeln die Rechtsbeziehungen zwischen dem Anbieter (im Folgenden &#8222;Unternehmen&#8220;) und dem Kunden (im Folgenden &#8222;Kunde&#8220;). 1.2. S\u00e4mtliche wesentlichen Absprachen und Vereinbarungen \u00fcber die von uns zu erbringenden Leistungen erfolgen ausschlie\u00dflich im Rahmen direkter Gespr\u00e4che oder anderer Kommunikationsmittel zwischen dem Unternehmen und dem Kunden.<\/p>\n\n\n\n<h3 class=\"wp-block-heading\">2. Vertragsabschluss<\/h3>\n\n\n\n<p>2.1. Der Vertrag kommt erst mit der ausdr\u00fccklichen Zustimmung des Kunden nach einem pers\u00f6nlichen Gespr\u00e4ch oder einer sonstigen direkten Kommunikation zustande. Eine schriftliche Best\u00e4tigung des Gespr\u00e4chsinhalts oder des Angebots erfolgt nur auf Wunsch des Kunden. 2.2. Alle w\u00e4hrend des Gespr\u00e4chs vereinbarten Konditionen (Leistungsumfang, Preise, Lieferfristen, etc.) sind verbindlich und werden durch das Unternehmen entsprechend umgesetzt. Sollten Unklarheiten bestehen, wird das Unternehmen den Kunden zeitnah kontaktieren, um diese in einem weiteren Gespr\u00e4ch zu kl\u00e4ren.<\/p>\n\n\n\n<h3 class=\"wp-block-heading\">3. Leistungen und Preise<\/h3>\n\n\n\n<p>3.1. Der Leistungsumfang und die Preise werden individuell mit dem Kunden besprochen und vereinbart. Diese werden im direkten Gespr\u00e4ch festgelegt und sind f\u00fcr beide Parteien bindend. 3.2. Jegliche \u00c4nderungen oder Erweiterungen der vereinbarten Leistungen k\u00f6nnen jederzeit durch ein weiteres Gespr\u00e4ch oder eine direkte Kommunikation zwischen dem Unternehmen und dem Kunden festgelegt werden.<\/p>\n\n\n\n<h3 class=\"wp-block-heading\">4. Zahlungsbedingungen<\/h3>\n\n\n\n<p>4.1. Der Kunde verpflichtet sich, den im Gespr\u00e4ch vereinbarten Preis innerhalb der vereinbarten Zahlungsfrist zu bezahlen. 4.2. Abweichende Zahlungsbedingungen oder Fristen m\u00fcssen im Rahmen eines erneuten Gespr\u00e4chs zwischen dem Kunden und dem Unternehmen individuell festgelegt werden.<\/p>\n\n\n\n<h3 class=\"wp-block-heading\">5. Widerruf und K\u00fcndigung<\/h3>\n\n\n\n<p>5.1. Der Kunde hat das Recht, den Vertrag innerhalb von 14 Tagen nach dem pers\u00f6nlichen Gespr\u00e4ch ohne Angabe von Gr\u00fcnden zu widerrufen, sofern die Leistung noch nicht vollst\u00e4ndig erbracht wurde. 5.2. F\u00fcr eine wirksame K\u00fcndigung oder einen Widerruf ist es ausreichend, wenn der Kunde das Unternehmen \u00fcber seine Entscheidung in einem erneuten Gespr\u00e4ch oder schriftlich informiert.<\/p>\n\n\n\n<h3 class=\"wp-block-heading\">6. Haftung<\/h3>\n\n\n\n<p>6.1. Das Unternehmen haftet nur f\u00fcr solche Sch\u00e4den, die auf einer grob fahrl\u00e4ssigen oder vors\u00e4tzlichen Verletzung der vertraglich vereinbarten Pflichten beruhen. 6.2. F\u00fcr Sch\u00e4den, die durch Missverst\u00e4ndnisse oder Unklarheiten im Rahmen des Gespr\u00e4chs entstehen, haftet das Unternehmen nur, wenn der Kunde das Unternehmen nicht unverz\u00fcglich zur Kl\u00e4rung des Sachverhalts kontaktiert hat.<\/p>\n\n\n\n<h3 class=\"wp-block-heading\">7. Schlussbestimmungen<\/h3>\n\n\n\n<p>7.1. \u00c4nderungen oder Erg\u00e4nzungen dieser AGB bed\u00fcrfen der ausdr\u00fccklichen Vereinbarung im Rahmen eines Gespr\u00e4chs zwischen dem Unternehmen und dem Kunden. 7.2. Sollte eine Bestimmung dieser AGB unwirksam sein oder werden, bleibt die Wirksamkeit der \u00fcbrigen Bestimmungen davon unber\u00fchrt. Die unwirksame Bestimmung wird durch eine Regelung ersetzt, die dem wirtschaftlichen Zweck der unwirksamen Bestimmung am n\u00e4chsten kommt und im Rahmen des Gespr\u00e4chs festgelegt wird.<\/p>\n","protected":false},"excerpt":{"rendered":"<p>1. Vertragsgegenstand 1.1. Die vorliegenden Allgemeinen Gesch\u00e4ftsbedingungen (AGB) regeln die Rechtsbeziehungen zwischen dem Anbieter (im Folgenden &#8222;Unternehmen&#8220;) und dem Kunden (im Folgenden &#8222;Kunde&#8220;). 1.2. S\u00e4mtliche wesentlichen Absprachen und Vereinbarungen \u00fcber die von uns zu erbringenden Leistungen erfolgen ausschlie\u00dflich im Rahmen direkter Gespr\u00e4che oder anderer Kommunikationsmittel zwischen dem Unternehmen und dem Kunden. 2. Vertragsabschluss 2.1. Der [&hellip;]<\/p>\n","protected":false},"author":1,"featured_media":0,"parent":0,"menu_order":0,"comment_status":"closed","ping_status":"closed","template":"","meta":{"_glsr_average":0,"_glsr_ranking":0,"_glsr_reviews":0,"footnotes":""},"class_list":["post-83","page","type-page","status-publish","hentry"],"_links":{"self":[{"href":"https:\/\/www.mkknachhilfe.de\/index.php?rest_route=\/wp\/v2\/pages\/83","targetHints":{"allow":["GET"]}}],"collection":[{"href":"https:\/\/www.mkknachhilfe.de\/index.php?rest_route=\/wp\/v2\/pages"}],"about":[{"href":"https:\/\/www.mkknachhilfe.de\/index.php?rest_route=\/wp\/v2\/types\/page"}],"author":[{"embeddable":true,"href":"https:\/\/www.mkknachhilfe.de\/index.php?rest_route=\/wp\/v2\/users\/1"}],"replies":[{"embeddable":true,"href":"https:\/\/www.mkknachhilfe.de\/index.php?rest_route=%2Fwp%2Fv2%2Fcomments&post=83"}],"version-history":[{"count":1,"href":"https:\/\/www.mkknachhilfe.de\/index.php?rest_route=\/wp\/v2\/pages\/83\/revisions"}],"predecessor-version":[{"id":84,"href":"https:\/\/www.mkknachhilfe.de\/index.php?rest_route=\/wp\/v2\/pages\/83\/revisions\/84"}],"wp:attachment":[{"href":"https:\/\/www.mkknachhilfe.de\/index.php?rest_route=%2Fwp%2Fv2%2Fmedia&parent=83"}],"curies":[{"name":"wp","href":"https:\/\/api.w.org\/{rel}","templated":true}]}}