{"id":2,"date":"2024-10-02T12:24:48","date_gmt":"2024-10-02T12:24:48","guid":{"rendered":"https:\/\/mkknachhilfe.de\/?page_id=2"},"modified":"2026-02-11T14:39:38","modified_gmt":"2026-02-11T14:39:38","slug":"sample-page","status":"publish","type":"page","link":"https:\/\/www.mkknachhilfe.de\/?page_id=2","title":{"rendered":"Lehrkr\u00e4fte"},"content":{"rendered":"\n<p class=\"has-x-large-font-size\"><\/p>\n\n\n\n<div class=\"wp-block-media-text alignwide is-stacked-on-mobile\" style=\"grid-template-columns:34% auto\"><figure class=\"wp-block-media-text__media\"><img loading=\"lazy\" decoding=\"async\" width=\"1024\" height=\"770\" src=\"https:\/\/www.mkknachhilfe.de\/wp-content\/uploads\/2026\/02\/2026-02-05_15-41-19_45-1024x770.jpeg\" alt=\"\" class=\"wp-image-197 size-full\" srcset=\"https:\/\/www.mkknachhilfe.de\/wp-content\/uploads\/2026\/02\/2026-02-05_15-41-19_45-1024x770.jpeg 1024w, https:\/\/www.mkknachhilfe.de\/wp-content\/uploads\/2026\/02\/2026-02-05_15-41-19_45-300x225.jpeg 300w, https:\/\/www.mkknachhilfe.de\/wp-content\/uploads\/2026\/02\/2026-02-05_15-41-19_45-768x577.jpeg 768w, https:\/\/www.mkknachhilfe.de\/wp-content\/uploads\/2026\/02\/2026-02-05_15-41-19_45-1536x1154.jpeg 1536w, https:\/\/www.mkknachhilfe.de\/wp-content\/uploads\/2026\/02\/2026-02-05_15-41-19_45-2048x1539.jpeg 2048w\" sizes=\"auto, (max-width: 1024px) 100vw, 1024px\" \/><\/figure><div class=\"wp-block-media-text__content\">\n<p><br><\/p>\n\n\n\n<p><\/p>\n\n\n\n<p class=\"has-x-large-font-size\">Abdulhaq Haqani<br>Gr\u00fcnder<\/p>\n\n\n\n<p><\/p>\n\n\n\n<p class=\"has-text-align-left\"><br>Sehr geehrte Damen und Herren, liebe Studierende, Sch\u00fcler:innen und liebe Eltern,<\/p>\n\n\n\n<p class=\"has-text-align-left\">mein Name ist Abdulhaq Haqani, ich habe meinen Bachelor in den F\u00e4chern Informatik und Philosophie mit der Abschlussnote 2.0 und den Master in Philosophie mit der Abschlussnote 1.3 an der Technischen Universit\u00e4t Darmsdtadt absolviert und ich studiere momentan weiterf\u00fchrend im Master Informatik und Religionsphilosophie.<\/p>\n\n\n\n<p>Meine erste Abschlussarbeit an der Schnittstelle zwischen der Informatik und Philosophie handelte von den sogenannten G\u00f6delschen Unvollst\u00e4ndigkeitss\u00e4tzen und deren philosophischen Implikationen. Genauer: Inwiefern mathematische Aussagen gleichzeitig wahr, aber unbeweisbar sind und was das f\u00fcr die Mathematik insgesamt bedeutet, bspw. f\u00fcr ihr Konzept der Unendlichkeit.<\/p>\n\n\n\n<p>Meine zweite Abschlussarbeit in der Philosophie besch\u00e4ftigte sich mit der Fragestellung, wie wir von naturwissenschaftlichen Theorien behaupten k\u00f6nnen, sie w\u00fcrden etwas Reales bestimmen. Im ersten Schritt zeigte ich, wie eine popul\u00e4re realistische Position, n\u00e4mlich der Strukturenrealismus nicht \u00fcber die Fehler klassischer Realismen hinausf\u00fchrt und stattdessen ein pragmatischer Realismus notwendig ist. Dieser verlagert die Frage nach der naturwissenschaftlichen Realit\u00e4t von der theoretischen Ebene, auf die konkrete Handlungsdimension des Menschen. F\u00fcr das Lehren von Naturwissenschaft und Mathematik ist dieser Ansatz deshalb von Bedeutung, da er f\u00fcr die Realit\u00e4tsbestimmung das reflexive Verst\u00e4ndnis eines Menschen daf\u00fcr erfordert, warum bspw. eine Formel in ihrer Anwendung so und nicht anders strukturiert sein darf, um eine Handlung zu erm\u00f6glichen.<\/p>\n\n\n\n<p class=\"has-text-align-left\">Aus der Philosophie habe ich gelernt, dass keine Lehre der Welt selbstverst\u00e4ndlich ist. Deshalb ist es f\u00fcr mich wichtig, komplexe Sachverhalte auf einfache herunterzubrechen und bei Bedarf, der Masse zug\u00e4nglich zu machen.<\/p>\n\n\n\n<p>Insbesondere Themen in der Informatik, Logik und Mathematik werden an der Hochschule sprunghaft und voraussetzungsreich mit dem Anspruch vermittelt, dass die Studierenden sich die pr\u00fcfungsrelevanten Themen selbst erarbeiten.<br>An diesem Punkt m\u00f6chte ich gerne ankn\u00fcpfen und Sie beim Selbststudium unterst\u00fctzen.<\/p>\n\n\n\n<p>Hierf\u00fcr bringe ich 6 Jahre Erfahrung in der Nachhilfe allerlei F\u00e4cher mit und zus\u00e4tzlich seit 3 Jahren Erfahrung in der universit\u00e4ren Lehre.<\/p>\n\n\n<div class=\"glsr glsr-default\" id=\"glsr_c48618d5\" data-from=\"shortcode\" data-shortcode=\"site_review\" data-class=\"single-review full-width\" data-post_id=\"292\"><div class=\"glsr-reviews-wrap\">\n    <div class=\"glsr-reviews single-review full-width\">\n        <div class=\"glsr-review\" data-type=\"local\" id=\"review-292\" data-assigned='[]'>\n    <div class=\"glsr-review-title\"><h4 class=\"glsr-tag-value\">Toller Lehrer mit Geduld<\/h4><\/div>\n    <div class=\"glsr-review-rating\"><div class=\"glsr-star-rating glsr-stars\" role=\"img\" aria-label=\"Rated 5 out of 5 stars\" data-rating=\"5\" data-reviews=\"0\"><span class=\"glsr-star glsr-star-full\" aria-hidden=\"true\"><\/span><span class=\"glsr-star glsr-star-full\" aria-hidden=\"true\"><\/span><span class=\"glsr-star glsr-star-full\" aria-hidden=\"true\"><\/span><span class=\"glsr-star glsr-star-full\" aria-hidden=\"true\"><\/span><span class=\"glsr-star glsr-star-full\" aria-hidden=\"true\"><\/span><\/div><\/div> <div class=\"glsr-review-date\"><span class=\"glsr-tag-value\">M\u00e4rz 28, 2026<\/span><\/div>\n    \n    <div class=\"glsr-review-content\"><div class=\"glsr-tag-value\" data-expanded=\"false\"><p class=\"glsr-hidden-text\" data-show-less=\"Weniger anzeigen\" data-show-more=\"Mehr anzeigen\" data-trigger=\"expand\">Ich bin sehr froh, dass ich diese Nachhilfelehrer gefunden habe. Mein Bruder und ich haben sehr viel zum Thema Informatik gelernt und das macht uns sehr viel Spa\u00df. Er ist sehr geduldig und p\u00fcnktlich. Auch spontane Termine sind m\u00f6glich bei ihm. Wir haben viel \u00fcber das Programmieren gelernt. Auf jeden Fall wollen wir das ja<span class=\"glsr-hidden\"> weiterhin kommt.Danke<\/span><\/p><\/div><\/div>\n     <div class=\"glsr-review-author\"><span class=\"glsr-tag-value\">Elias<\/span><\/div> \n    \n<\/div>\n    <\/div>\n    \n<\/div><\/div>\n<\/div><\/div>\n","protected":false},"excerpt":{"rendered":"","protected":false},"author":1,"featured_media":0,"parent":0,"menu_order":0,"comment_status":"closed","ping_status":"closed","template":"","meta":{"_glsr_average":0,"_glsr_ranking":0,"_glsr_reviews":0,"footnotes":""},"class_list":["post-2","page","type-page","status-publish","hentry"],"_links":{"self":[{"href":"https:\/\/www.mkknachhilfe.de\/index.php?rest_route=\/wp\/v2\/pages\/2","targetHints":{"allow":["GET"]}}],"collection":[{"href":"https:\/\/www.mkknachhilfe.de\/index.php?rest_route=\/wp\/v2\/pages"}],"about":[{"href":"https:\/\/www.mkknachhilfe.de\/index.php?rest_route=\/wp\/v2\/types\/page"}],"author":[{"embeddable":true,"href":"https:\/\/www.mkknachhilfe.de\/index.php?rest_route=\/wp\/v2\/users\/1"}],"replies":[{"embeddable":true,"href":"https:\/\/www.mkknachhilfe.de\/index.php?rest_route=%2Fwp%2Fv2%2Fcomments&post=2"}],"version-history":[{"count":38,"href":"https:\/\/www.mkknachhilfe.de\/index.php?rest_route=\/wp\/v2\/pages\/2\/revisions"}],"predecessor-version":[{"id":225,"href":"https:\/\/www.mkknachhilfe.de\/index.php?rest_route=\/wp\/v2\/pages\/2\/revisions\/225"}],"wp:attachment":[{"href":"https:\/\/www.mkknachhilfe.de\/index.php?rest_route=%2Fwp%2Fv2%2Fmedia&parent=2"}],"curies":[{"name":"wp","href":"https:\/\/api.w.org\/{rel}","templated":true}]}}